{"version":"1.0","provider_name":"Tu blog de medicina y cirug\u00eda est\u00e9tica - Cl\u00ednica Planas","provider_url":"https:\/\/www.clinicaplanas.com\/jorge-planas","author_name":"Doctor JorgePlanas","author_url":"https:\/\/www.clinicaplanas.com\/jorge-planas\/author\/doctor-jorgeplanas\/","title":"Art\u00edculo publicado en la revista 'GPM' - Dr. Jorge Planas Blog","type":"rich","width":600,"height":338,"html":"<blockquote class=\"wp-embedded-content\" data-secret=\"hrf9RahLbz\"><a href=\"https:\/\/www.clinicaplanas.com\/jorge-planas\/2010\/05\/06\/articulo-publicado-en-la-revista-gpm\/\">Art\u00edculo publicado en la revista &#8216;GPM&#8217;<\/a><\/blockquote><iframe sandbox=\"allow-scripts\" security=\"restricted\" src=\"https:\/\/www.clinicaplanas.com\/jorge-planas\/2010\/05\/06\/articulo-publicado-en-la-revista-gpm\/embed\/#?secret=hrf9RahLbz\" width=\"600\" height=\"338\" title=\"\u00abArt\u00edculo publicado en la revista &#8216;GPM&#8217;\u00bb \u2014 Tu blog de medicina y cirug\u00eda est\u00e9tica - Cl\u00ednica Planas\" data-secret=\"hrf9RahLbz\" frameborder=\"0\" marginwidth=\"0\" marginheight=\"0\" scrolling=\"no\" class=\"wp-embedded-content\"><\/iframe><script type=\"text\/javascript\">\n\/* <![CDATA[ *\/\n\/*! This file is auto-generated *\/\n!function(d,l){\"use strict\";l.querySelector&&d.addEventListener&&\"undefined\"!=typeof URL&&(d.wp=d.wp||{},d.wp.receiveEmbedMessage||(d.wp.receiveEmbedMessage=function(e){var t=e.data;if((t||t.secret||t.message||t.value)&&!\/[^a-zA-Z0-9]\/.test(t.secret)){for(var s,r,n,a=l.querySelectorAll('iframe[data-secret=\"'+t.secret+'\"]'),o=l.querySelectorAll('blockquote[data-secret=\"'+t.secret+'\"]'),c=new RegExp(\"^https?:$\",\"i\"),i=0;i<o.length;i++)o[i].style.display=\"none\";for(i=0;i<a.length;i++)s=a[i],e.source===s.contentWindow&&(s.removeAttribute(\"style\"),\"height\"===t.message?(1e3<(r=parseInt(t.value,10))?r=1e3:~~r<200&&(r=200),s.height=r):\"link\"===t.message&&(r=new URL(s.getAttribute(\"src\")),n=new URL(t.value),c.test(n.protocol))&&n.host===r.host&&l.activeElement===s&&(d.top.location.href=t.value))}},d.addEventListener(\"message\",d.wp.receiveEmbedMessage,!1),l.addEventListener(\"DOMContentLoaded\",function(){for(var e,t,s=l.querySelectorAll(\"iframe.wp-embedded-content\"),r=0;r<s.length;r++)(t=(e=s[r]).getAttribute(\"data-secret\"))||(t=Math.random().toString(36).substring(2,12),e.src+=\"#?secret=\"+t,e.setAttribute(\"data-secret\",t)),e.contentWindow.postMessage({message:\"ready\",secret:t},\"*\")},!1)))}(window,document);\n\/* ]]> *\/\n<\/script>\n","description":"En el \u00faltimo n\u00famero de la revista GPM firm\u00e9 un art\u00edculo analizando las edades de la belleza de la mujer para recomendar los mejores tratamientos para cada etapa de la vida. Con este objetivo, en el art\u00edculo que pod\u00e9is consultar en este link: Las edades de la belleza, repaso las necesidades est\u00e9ticas de cada edad, [...]"}

Tu blog de medicina y cirugía estética - Clínica Planas

Artículo publicado en la revista 'GPM' - Dr. Jorge Planas Blog

<blockquote class="wp-embedded-content" data-secret="hrf9RahLbz"><a href="https://www.clinicaplanas.com/jorge-planas/2010/05/06/articulo-publicado-en-la-revista-gpm/">Artículo publicado en la revista &#8216;GPM&#8217;</a></blockquote><iframe sandbox="allow-scripts" security="restricted" src="https://www.clinicaplanas.com/jorge-planas/2010/05/06/articulo-publicado-en-la-revista-gpm/embed/#?secret=hrf9RahLbz" width="600" height="338" title="«Artículo publicado en la revista &#8216;GPM&#8217;» — Tu blog de medicina y cirugía estética - Clínica Planas" data-secret="hrf9RahLbz" frameborder="0" marginwidth="0" marginheight="0" scrolling="no" class="wp-embedded-content"></iframe><script type="text/javascript">
/* <![CDATA[ */
/*! This file is auto-generated */
!function(d,l){"use strict";l.querySelector&&d.addEventListener&&"undefined"!=typeof URL&&(d.wp=d.wp||{},d.wp.receiveEmbedMessage||(d.wp.receiveEmbedMessage=function(e){var t=e.data;if((t||t.secret||t.message||t.value)&&!/[^a-zA-Z0-9]/.test(t.secret)){for(var s,r,n,a=l.querySelectorAll('iframe[data-secret="'+t.secret+'"]'),o=l.querySelectorAll('blockquote[data-secret="'+t.secret+'"]'),c=new RegExp("^https?:$","i"),i=0;i<o.length;i++)o[i].style.display="none";for(i=0;i<a.length;i++)s=a[i],e.source===s.contentWindow&&(s.removeAttribute("style"),"height"===t.message?(1e3<(r=parseInt(t.value,10))?r=1e3:~~r<200&&(r=200),s.height=r):"link"===t.message&&(r=new URL(s.getAttribute("src")),n=new URL(t.value),c.test(n.protocol))&&n.host===r.host&&l.activeElement===s&&(d.top.location.href=t.value))}},d.addEventListener("message",d.wp.receiveEmbedMessage,!1),l.addEventListener("DOMContentLoaded",function(){for(var e,t,s=l.querySelectorAll("iframe.wp-embedded-content"),r=0;r<s.length;r++)(t=(e=s[r]).getAttribute("data-secret"))||(t=Math.random().toString(36).substring(2,12),e.src+="#?secret="+t,e.setAttribute("data-secret",t)),e.contentWindow.postMessage({message:"ready",secret:t},"*")},!1)))}(window,document);
/* ]]> */
</script>

En el último número de la revista GPM firmé un artículo analizando las edades de la belleza de la mujer para recomendar los mejores tratamientos para cada etapa de la vida. Con este objetivo, en el artículo que podéis consultar en este link: Las edades de la belleza, repaso las necesidades estéticas de cada edad, [...]
