{"version":"1.0","provider_name":"Tu blog de medicina y cirug\u00eda est\u00e9tica - Cl\u00ednica Planas","provider_url":"https:\/\/www.clinicaplanas.com\/jorge-planas","author_name":"Doctor JorgePlanas","author_url":"https:\/\/www.clinicaplanas.com\/jorge-planas\/author\/doctor-jorgeplanas\/","title":"125 Aniversario de La Vanguardia - TT - Tu blog de medicina y cirug\u00eda est\u00e9tica - Cl\u00ednica Planas","type":"rich","width":600,"height":338,"html":"<blockquote class=\"wp-embedded-content\" data-secret=\"4NhZrbRuKj\"><a href=\"https:\/\/www.clinicaplanas.com\/jorge-planas\/2007\/04\/23\/125-aniversario-de-la-vanguardia\/\">125 Aniversario de La Vanguardia<\/a><\/blockquote><iframe sandbox=\"allow-scripts\" security=\"restricted\" src=\"https:\/\/www.clinicaplanas.com\/jorge-planas\/2007\/04\/23\/125-aniversario-de-la-vanguardia\/embed\/#?secret=4NhZrbRuKj\" width=\"600\" height=\"338\" title=\"\u00ab125 Aniversario de La Vanguardia\u00bb \u2014 Tu blog de medicina y cirug\u00eda est\u00e9tica - Cl\u00ednica Planas\" data-secret=\"4NhZrbRuKj\" frameborder=\"0\" marginwidth=\"0\" marginheight=\"0\" scrolling=\"no\" class=\"wp-embedded-content\"><\/iframe><script type=\"text\/javascript\">\n\/* <![CDATA[ *\/\n\/*! This file is auto-generated *\/\n!function(d,l){\"use strict\";l.querySelector&&d.addEventListener&&\"undefined\"!=typeof URL&&(d.wp=d.wp||{},d.wp.receiveEmbedMessage||(d.wp.receiveEmbedMessage=function(e){var t=e.data;if((t||t.secret||t.message||t.value)&&!\/[^a-zA-Z0-9]\/.test(t.secret)){for(var s,r,n,a=l.querySelectorAll('iframe[data-secret=\"'+t.secret+'\"]'),o=l.querySelectorAll('blockquote[data-secret=\"'+t.secret+'\"]'),c=new RegExp(\"^https?:$\",\"i\"),i=0;i<o.length;i++)o[i].style.display=\"none\";for(i=0;i<a.length;i++)s=a[i],e.source===s.contentWindow&&(s.removeAttribute(\"style\"),\"height\"===t.message?(1e3<(r=parseInt(t.value,10))?r=1e3:~~r<200&&(r=200),s.height=r):\"link\"===t.message&&(r=new URL(s.getAttribute(\"src\")),n=new URL(t.value),c.test(n.protocol))&&n.host===r.host&&l.activeElement===s&&(d.top.location.href=t.value))}},d.addEventListener(\"message\",d.wp.receiveEmbedMessage,!1),l.addEventListener(\"DOMContentLoaded\",function(){for(var e,t,s=l.querySelectorAll(\"iframe.wp-embedded-content\"),r=0;r<s.length;r++)(t=(e=s[r]).getAttribute(\"data-secret\"))||(t=Math.random().toString(36).substring(2,12),e.src+=\"#?secret=\"+t,e.setAttribute(\"data-secret\",t)),e.contentWindow.postMessage({message:\"ready\",secret:t},\"*\")},!1)))}(window,document);\n\/* ]]> *\/\n<\/script>\n","description":"El d\u00eda 20 de Abril de 2006 tuve el honor de acudir a la cena de gala con motivo de la celebraci\u00f3n del 125\u00ba Aniversario de La Vanguardia organizada por el Sr. Dn. Javier God\u00f3, Conde de God\u00f3, en el Palau Nacional de Montju\u00efc. La fiesta reuni\u00f3 a m\u00e1s de 1.000 invitados incluyendo personalidades representativas [...]"}

Tu blog de medicina y cirugía estética - Clínica Planas

125 Aniversario de La Vanguardia - TT - Tu blog de medicina y cirugía estética - Clínica Planas

<blockquote class="wp-embedded-content" data-secret="4NhZrbRuKj"><a href="https://www.clinicaplanas.com/jorge-planas/2007/04/23/125-aniversario-de-la-vanguardia/">125 Aniversario de La Vanguardia</a></blockquote><iframe sandbox="allow-scripts" security="restricted" src="https://www.clinicaplanas.com/jorge-planas/2007/04/23/125-aniversario-de-la-vanguardia/embed/#?secret=4NhZrbRuKj" width="600" height="338" title="«125 Aniversario de La Vanguardia» — Tu blog de medicina y cirugía estética - Clínica Planas" data-secret="4NhZrbRuKj" frameborder="0" marginwidth="0" marginheight="0" scrolling="no" class="wp-embedded-content"></iframe><script type="text/javascript">
/* <![CDATA[ */
/*! This file is auto-generated */
!function(d,l){"use strict";l.querySelector&&d.addEventListener&&"undefined"!=typeof URL&&(d.wp=d.wp||{},d.wp.receiveEmbedMessage||(d.wp.receiveEmbedMessage=function(e){var t=e.data;if((t||t.secret||t.message||t.value)&&!/[^a-zA-Z0-9]/.test(t.secret)){for(var s,r,n,a=l.querySelectorAll('iframe[data-secret="'+t.secret+'"]'),o=l.querySelectorAll('blockquote[data-secret="'+t.secret+'"]'),c=new RegExp("^https?:$","i"),i=0;i<o.length;i++)o[i].style.display="none";for(i=0;i<a.length;i++)s=a[i],e.source===s.contentWindow&&(s.removeAttribute("style"),"height"===t.message?(1e3<(r=parseInt(t.value,10))?r=1e3:~~r<200&&(r=200),s.height=r):"link"===t.message&&(r=new URL(s.getAttribute("src")),n=new URL(t.value),c.test(n.protocol))&&n.host===r.host&&l.activeElement===s&&(d.top.location.href=t.value))}},d.addEventListener("message",d.wp.receiveEmbedMessage,!1),l.addEventListener("DOMContentLoaded",function(){for(var e,t,s=l.querySelectorAll("iframe.wp-embedded-content"),r=0;r<s.length;r++)(t=(e=s[r]).getAttribute("data-secret"))||(t=Math.random().toString(36).substring(2,12),e.src+="#?secret="+t,e.setAttribute("data-secret",t)),e.contentWindow.postMessage({message:"ready",secret:t},"*")},!1)))}(window,document);
/* ]]> */
</script>

El día 20 de Abril de 2006 tuve el honor de acudir a la cena de gala con motivo de la celebración del 125º Aniversario de La Vanguardia organizada por el Sr. Dn. Javier Godó, Conde de Godó, en el Palau Nacional de Montjuïc. La fiesta reunió a más de 1.000 invitados incluyendo personalidades representativas [...]
