{"version":"1.0","provider_name":"Tu blog de medicina y cirug\u00eda est\u00e9tica - Cl\u00ednica Planas","provider_url":"https:\/\/www.clinicaplanas.com\/jorge-planas","author_name":"Doctor JorgePlanas","author_url":"https:\/\/www.clinicaplanas.com\/jorge-planas\/author\/doctor-jorgeplanas\/","title":"V CONGRESO DE LA SEMAL - TT - Tu blog de medicina y cirug\u00eda est\u00e9tica - Cl\u00ednica Planas","type":"rich","width":600,"height":338,"html":"<blockquote class=\"wp-embedded-content\" data-secret=\"8IS9eubaBv\"><a href=\"https:\/\/www.clinicaplanas.com\/jorge-planas\/2007\/03\/07\/v-congreso-de-la-semal\/\">V CONGRESO DE LA SEMAL<\/a><\/blockquote><iframe sandbox=\"allow-scripts\" security=\"restricted\" src=\"https:\/\/www.clinicaplanas.com\/jorge-planas\/2007\/03\/07\/v-congreso-de-la-semal\/embed\/#?secret=8IS9eubaBv\" width=\"600\" height=\"338\" title=\"\u00abV CONGRESO DE LA SEMAL\u00bb \u2014 Tu blog de medicina y cirug\u00eda est\u00e9tica - Cl\u00ednica Planas\" data-secret=\"8IS9eubaBv\" frameborder=\"0\" marginwidth=\"0\" marginheight=\"0\" scrolling=\"no\" class=\"wp-embedded-content\"><\/iframe><script type=\"text\/javascript\">\n\/* <![CDATA[ *\/\n\/*! This file is auto-generated *\/\n!function(d,l){\"use strict\";l.querySelector&&d.addEventListener&&\"undefined\"!=typeof URL&&(d.wp=d.wp||{},d.wp.receiveEmbedMessage||(d.wp.receiveEmbedMessage=function(e){var t=e.data;if((t||t.secret||t.message||t.value)&&!\/[^a-zA-Z0-9]\/.test(t.secret)){for(var s,r,n,a=l.querySelectorAll('iframe[data-secret=\"'+t.secret+'\"]'),o=l.querySelectorAll('blockquote[data-secret=\"'+t.secret+'\"]'),c=new RegExp(\"^https?:$\",\"i\"),i=0;i<o.length;i++)o[i].style.display=\"none\";for(i=0;i<a.length;i++)s=a[i],e.source===s.contentWindow&&(s.removeAttribute(\"style\"),\"height\"===t.message?(1e3<(r=parseInt(t.value,10))?r=1e3:~~r<200&&(r=200),s.height=r):\"link\"===t.message&&(r=new URL(s.getAttribute(\"src\")),n=new URL(t.value),c.test(n.protocol))&&n.host===r.host&&l.activeElement===s&&(d.top.location.href=t.value))}},d.addEventListener(\"message\",d.wp.receiveEmbedMessage,!1),l.addEventListener(\"DOMContentLoaded\",function(){for(var e,t,s=l.querySelectorAll(\"iframe.wp-embedded-content\"),r=0;r<s.length;r++)(t=(e=s[r]).getAttribute(\"data-secret\"))||(t=Math.random().toString(36).substring(2,12),e.src+=\"#?secret=\"+t,e.setAttribute(\"data-secret\",t)),e.contentWindow.postMessage({message:\"ready\",secret:t},\"*\")},!1)))}(window,document);\n\/* ]]> *\/\n<\/script>\n","description":"Los d\u00edas 3, 4, y 5 de noviembre de 2006, se celebro en Madrid, el V Congreso de la Sociedad Espa\u00f1ola de Medicina Antienvejecimiento y Longevidad (SEMAL), de la cual soy secretario general. Tuve el honor de realizar el acto de apertura del congreso junto a su Excma. Sra. D\u00f1a. Ana Maria Botella, representando al [...]","thumbnail_url":"https:\/\/www.clinicaplanas.com\/jorge-planas\/wp-content\/uploads\/Semal.jpeg"}

Tu blog de medicina y cirugía estética - Clínica Planas

V CONGRESO DE LA SEMAL - TT - Tu blog de medicina y cirugía estética - Clínica Planas

<blockquote class="wp-embedded-content" data-secret="8IS9eubaBv"><a href="https://www.clinicaplanas.com/jorge-planas/2007/03/07/v-congreso-de-la-semal/">V CONGRESO DE LA SEMAL</a></blockquote><iframe sandbox="allow-scripts" security="restricted" src="https://www.clinicaplanas.com/jorge-planas/2007/03/07/v-congreso-de-la-semal/embed/#?secret=8IS9eubaBv" width="600" height="338" title="«V CONGRESO DE LA SEMAL» — Tu blog de medicina y cirugía estética - Clínica Planas" data-secret="8IS9eubaBv" frameborder="0" marginwidth="0" marginheight="0" scrolling="no" class="wp-embedded-content"></iframe><script type="text/javascript">
/* <![CDATA[ */
/*! This file is auto-generated */
!function(d,l){"use strict";l.querySelector&&d.addEventListener&&"undefined"!=typeof URL&&(d.wp=d.wp||{},d.wp.receiveEmbedMessage||(d.wp.receiveEmbedMessage=function(e){var t=e.data;if((t||t.secret||t.message||t.value)&&!/[^a-zA-Z0-9]/.test(t.secret)){for(var s,r,n,a=l.querySelectorAll('iframe[data-secret="'+t.secret+'"]'),o=l.querySelectorAll('blockquote[data-secret="'+t.secret+'"]'),c=new RegExp("^https?:$","i"),i=0;i<o.length;i++)o[i].style.display="none";for(i=0;i<a.length;i++)s=a[i],e.source===s.contentWindow&&(s.removeAttribute("style"),"height"===t.message?(1e3<(r=parseInt(t.value,10))?r=1e3:~~r<200&&(r=200),s.height=r):"link"===t.message&&(r=new URL(s.getAttribute("src")),n=new URL(t.value),c.test(n.protocol))&&n.host===r.host&&l.activeElement===s&&(d.top.location.href=t.value))}},d.addEventListener("message",d.wp.receiveEmbedMessage,!1),l.addEventListener("DOMContentLoaded",function(){for(var e,t,s=l.querySelectorAll("iframe.wp-embedded-content"),r=0;r<s.length;r++)(t=(e=s[r]).getAttribute("data-secret"))||(t=Math.random().toString(36).substring(2,12),e.src+="#?secret="+t,e.setAttribute("data-secret",t)),e.contentWindow.postMessage({message:"ready",secret:t},"*")},!1)))}(window,document);
/* ]]> */
</script>

Los días 3, 4, y 5 de noviembre de 2006, se celebro en Madrid, el V Congreso de la Sociedad Española de Medicina Antienvejecimiento y Longevidad (SEMAL), de la cual soy secretario general. Tuve el honor de realizar el acto de apertura del congreso junto a su Excma. Sra. Dña. Ana Maria Botella, representando al [...]
