{"id":2919,"date":"2018-05-23T07:06:14","date_gmt":"2018-05-23T07:06:14","guid":{"rendered":"https:\/\/www.clinicaplanas.com\/congreso20232018\/?page_id=2919"},"modified":"2022-10-17T11:36:17","modified_gmt":"2022-10-17T11:36:17","slug":"aviso-legal-2","status":"publish","type":"page","link":"https:\/\/www.clinicaplanas.com\/congreso2023\/?page_id=2919","title":{"rendered":"Legal Advice"},"content":{"rendered":"<section class=\"wpb-content-wrapper\"><div id='ts-background-main-7491435' class='ts-background-image ts-background ts-columns-equalize-disabled ts-composium-row-background ' data-column-equalize=\"false\" data-width-current=\"\" data-width-break=\"600\" style=\"\" data-kenburns-set=\"false\" data-offsetsallow=\"false\" data-svgshape='true' data-random='7491435' data-image-width='1920' data-image-height='1080' data-type='image' data-inline='false' data-height='0' data-screen='false' data-offset='0' data-blur='0' data-index='0' data-marginleft='0' data-marginright='0' data-paddingtop='0' data-paddingbottom='0' data-image='https:\/\/www.clinicaplanas.com\/congreso2023\/wp-content\/uploads\/2022\/10\/bck_ppal.jpg' data-size='cover' data-position='center' data-repeat='no-repeat' data-break-parents='0'><div id=\"ts-background-separator-bottom-7491435\" class=\"ts-background-separator-container\" style=\"height: 25px; top: auto; bottom: -1px; z-index: 1;\"><div class=\"ts-background-separator-wrap ts-background-separator-bottom\" data-random=\"7491435\" data-height=\"25\" data-position=\"bottom\" style=\"height: 25px;\"><svg xmlns=\"http:\/\/www.w3.org\/2000\/svg\" version=\"1.1\" class=\" \" width=\"100%\" height=\"25\" fill=\"#f4f4ec\" viewBox=\"0 0 100 10\" preserveAspectRatio=\"none\" style=\"height: 25px; width: 100%;\"><path fill=\"#f4f4ec\" d=\"M0,9.1L0,0l100,0\"><\/path><\/svg><\/div><\/div><\/div><div   class=\"vc_row wpb_row vc_row-fluid vc_custom_1666005471734 vc_row-flex vc_row-o-equal-height vc_row-o-content-middle full-width-content \">\n\t<div  class=\"vc_span12 wpb_column vc_column_container \"><div class=\"vc_column-inner \">\n\t\t<div class=\"wpb_wrapper\">\n\t\t\t<div class=\"vc_empty_space\"   style=\"height: 125px\"><span class=\"vc_empty_space_inner\"><\/span><\/div>\n\t<div class=\"wpb_text_column wpb_content_element  vc_custom_1666004525034  ct_o9ch54yzkwy6azxub1us\" >\n\t\t<div class=\"wpb_wrapper\" >\n\t\t\t<h2 style=\"text-align: center;\"><span style=\"color: #c28b78;\">AVISO LEGAL<br \/>\n<\/span><\/h2>\n\n\t\t<\/div> \n\t<\/div> <div class=\"vc_empty_space  none_mob\"   style=\"height: 75px\"><span class=\"vc_empty_space_inner\"><\/span><\/div>\n\t\t<\/div> <\/div>\n\t<\/div> \n<\/div><div id=\"ts-background-main-9386927\" class=\"ts-background-single ts-background ts-columns-equalize-disabled ts-composium-row-background\" data-column-equalize=\"false\" data-width-current=\"\" data-width-break=\"600\" style=\"\" style=\"display: none; background-color: #f4f4ec;\" data-offsetsallow=\"false\" data-svgshape=\"false\" data-random=\"9386927\" data-type=\"single\" data-inline=\"false\" data-color=\"#f4f4ec\" data-height=\"0\" data-screen=\"false\" data-offset=\"0\" data-blur=\"0\" data-index=\"0\" data-marginleft=\"0\" data-marginright=\"0\" data-paddingtop=\"0\" data-paddingbottom=\"0\" data-break-parents=\"0\"><\/div><div   class=\"vc_row wpb_row vc_row-fluid vc_custom_1665912807166 vc_row-o-content-middle full-width-section \">\n\t<div  class=\"vc_span12 wpb_column vc_column_container \"><div class=\"vc_column-inner \">\n\t\t<div class=\"wpb_wrapper\">\n\t\t\t\n\t<div class=\"wpb_text_column wpb_content_element  justificado  ct_f6tspqj6s4uq8c2ynllo\" >\n\t\t<div class=\"wpb_wrapper\" >\n\t\t\t<p>El presente aviso legal (en adelante, el \u201cAviso Legal\u201d) regula el uso del servicio del portal de Internet <a href=\"https:\/\/www.clinicaplanas.com\/congreso2023\/\">https:\/\/www.clinicaplanas.com\/congreso2023\/<\/a> (en adelante, el \u201cWeb\u201d) de la Fundaci\u00f3n Jaime Planas, (en adelante \u201cFJP\u201d) con NIF G-59509133 y domicilio sito en C\/ Pere II de Montcada, 14, 08034, Barcelona.<\/p>\n<p>&nbsp;<\/p>\n<h4>Legislaci\u00f3n<\/h4>\n<p>&nbsp;<\/p>\n<p>Con car\u00e1cter general, las relaciones entre FJP con los Usuarios de sus servicios telem\u00e1ticos, presentes en la web, se encuentran sometidas a la legislaci\u00f3n y jurisdicci\u00f3n espa\u00f1olas.<\/p>\n<p>Las partes renuncian expresamente al fuero que les pudiera corresponder y someten expresamente a los Juzgados y Tribunales de Barcelona para resolver cualquier controversia que pueda surgir en la interpretaci\u00f3n o ejecuci\u00f3n de las presentes condiciones contractuales.<\/p>\n<p>&nbsp;<\/p>\n<h4>Contenido y uso<\/h4>\n<p>&nbsp;<\/p>\n<p>El Usuario queda informado, y acepta, que el acceso a la presente web no supone, en modo alguno, el inicio de una relaci\u00f3n comercial con FJP.<\/p>\n<p>El titular del web no se identifica con las opiniones vertidas en el mismo por sus colaboradores. La Empresa se reserva el derecho de efectuar sin previo aviso las modificaciones que considere oportunas en su Web, pudiendo cambiar, suprimir o a\u00f1adir tanto los contenidos y servicios que se presten a trav\u00e9s de la misma como la forma en la que estos aparezcan presentados o localizados en sus servidores.<\/p>\n<p>&nbsp;<\/p>\n<h4>Propiedad intelectual e industrial<\/h4>\n<p>&nbsp;<\/p>\n<p>Los derechos de propiedad intelectual del contenido de las p\u00e1ginas web, su dise\u00f1o gr\u00e1fico y c\u00f3digos son titularidad de FJP y, por tanto, queda prohibida su reproducci\u00f3n, distribuci\u00f3n, comunicaci\u00f3n p\u00fablica, transformaci\u00f3n o cualquier otra actividad que se pueda realizar con los contenidos de sus p\u00e1ginas web ni aun citando las fuentes, salvo consentimiento por escrito de FJP Todos los nombres comerciales, marcas o signos distintos de cualquier clase contenidos en las p\u00e1ginas web de la Empresa son propiedad de sus due\u00f1os y est\u00e1n protegidos por ley.<\/p>\n<p>&nbsp;<\/p>\n<h4>Enlaces (Links)<\/h4>\n<p>&nbsp;<\/p>\n<p>La presencia de enlaces (links) en las p\u00e1ginas web de FJP tiene finalidad meramente informativa y en ning\u00fan caso supone sugerencia, invitaci\u00f3n o recomendaci\u00f3n sobre los mismos.<\/p>\n<p>&nbsp;<\/p>\n<h4>Confidencialidad y protecci\u00f3n de datos<\/h4>\n<p>&nbsp;<\/p>\n<p>A efecto de lo previsto en el REGLAMENTO (UE) 2016\/679 DEL PARLAMENTO EUROPEO Y DEL CONSEJO de 27 de abril de 2016, de Protecci\u00f3n de Datos de Car\u00e1cter Personal, FJP informa al Usuario de la existencia de un fichero automatizado de datos de car\u00e1cter personal creado por y para FJP y bajo su responsabilidad, con la finalidad de realizar el mantenimiento y gesti\u00f3n de la relaci\u00f3n con el Usuario, as\u00ed como las labores de informaci\u00f3n. En el momento de la aceptaci\u00f3n de las presentes condiciones generales, FJP precisar\u00e1 del Usuario la recogida de unos datos imprescindibles para la prestaci\u00f3n de sus servicios.<\/p>\n<p>&nbsp;<\/p>\n<h4>Registro de ficheros y formularios<\/h4>\n<p>&nbsp;<\/p>\n<p>La cumplimentaci\u00f3n del formulario de registro es obligatoria para acceder y disfrutar de determinados servicios ofrecidos en la web. El no facilitar los datos personales solicitados o el no aceptar la presente pol\u00edtica de protecci\u00f3n de datos supone la imposibilidad de suscribirse, registrarse o participar en cualquiera de las promociones en las que se soliciten datos car\u00e1cter personal.<\/p>\n<p>De acuerdo a lo establecido en la Ley Org\u00e1nica 15\/1999, de 13 de diciembre, de Protecci\u00f3n de Datos de Car\u00e1cter Personal, le informamos que los datos personales que se obtengan como consecuencia de su registro como Usuario, ser\u00e1n incorporados a un fichero titularidad de FJP con NIF G-59509133, teniendo implementadas las medidas de seguridad establecidas en el Real Decreto 1720\/2007, de 11 de junio.<\/p>\n<p>&nbsp;<\/p>\n<h4>Exactitud y veracidad de los datos facilitados<\/h4>\n<p>&nbsp;<\/p>\n<p>El Usuario es el \u00fanico responsable de la veracidad y correcci\u00f3n de los datos incluidos, exoner\u00e1ndose FJP de cualquier responsabilidad al respecto. Los usuarios garantizan y responden, en cualquier caso, de la exactitud, vigencia y autenticidad de los datos personales facilitados, y se comprometen a mantenerlos debidamente actualizados. El usuario acepta proporcionar informaci\u00f3n completa y correcta en el formulario de registro o suscripci\u00f3n. FJP no responde de la veracidad de las informaciones que no sean de elaboraci\u00f3n propia y de las que se indique otra fuente, por lo que tampoco asume responsabilidad alguna en cuanto a hipot\u00e9ticos perjuicios que pudieran originarse por el uso de dicha informaci\u00f3n. FJP se reserva el derecho a actualizar, modificar o eliminar la informaci\u00f3n contenida en sus p\u00e1ginas web, pudiendo incluso limitar o no permitir el acceso a dicha informaci\u00f3n. Se exonera a FJP de responsabilidad ante cualquier da\u00f1o o perjuicio que pudiera sufrir el Usuario como consecuencia de errores, defectos u omisiones, en la informaci\u00f3n facilitada por FJP siempre que proceda de fuentes ajenas a FJP.<\/p>\n<p>&nbsp;<\/p>\n<h4>Cookies<\/h4>\n<p>&nbsp;<\/p>\n<p>El sitio <a href=\"https:\/\/www.clinicaplanas.com\/congreso2023\/\">https:\/\/www.clinicaplanas.com\/congreso2023\/<\/a> utiliza cookies, considerando tales ficheros f\u00edsicos de informaci\u00f3n alojados en el propio terminal del usuario y sirven para facilitar la navegaci\u00f3n del usuario por el portal. De todas formas, el usuario tiene la posibilidad de configurar el navegador de tal modo que impida la instalaci\u00f3n de estos archivos.<\/p>\n<p>&nbsp;<\/p>\n<h4>Finalidades<\/h4>\n<p>&nbsp;<\/p>\n<p>Las finalidades de las cookies son el mantenimiento y gesti\u00f3n de la relaci\u00f3n con el Usuario, as\u00ed como las labores de informaci\u00f3n.<\/p>\n<p>&nbsp;<\/p>\n<h4>Menores de edad<\/h4>\n<p>&nbsp;<\/p>\n<p>En el supuesto que algunos de nuestros servicios vayan dirigidos espec\u00edficamente a menores de edad, FJP solicitar\u00e1 la conformidad de los padres o tutores para la recogida de los datos personales o, en su caso, para el tratamiento automatizado de los datos.<\/p>\n<p>&nbsp;<\/p>\n<h4>Cesi\u00f3n de datos a terceros<\/h4>\n<p>&nbsp;<\/p>\n<p>FJP no realizar\u00e1 cesi\u00f3n de datos de los usuarios a terceros.<\/p>\n<p>&nbsp;<\/p>\n<h4>Ejercicio de derechos de acceso, rectificaci\u00f3n, cancelaci\u00f3n y oposici\u00f3n<\/h4>\n<p>&nbsp;<\/p>\n<p>Podr\u00e1 dirigir sus comunicaciones y ejercitar los derechos de acceso, rectificaci\u00f3n, cancelaci\u00f3n y oposici\u00f3n en la direcci\u00f3n de Internet a <a href=\"mailto:info@clinicaplanas.com\">info@clinicaplanas.com<\/a>. Para ejercer dichos derechos y en cumplimiento de la Instrucci\u00f3n 1\/1998, de 19 de enero, de la Agencia de Protecci\u00f3n de Datos, es necesario que usted acredite su personalidad frente a FJP mediante el env\u00edo de fotocopia de Documento Nacional de Identidad o cualquier otro medio v\u00e1lido en Derecho. No obstante, la modificaci\u00f3n o rectificaci\u00f3n de sus datos de registro se podr\u00e1 realizar en el propio Sito identific\u00e1ndose, previamente, con su usuario y contrase\u00f1a.<\/p>\n<p>&nbsp;<\/p>\n<h4>Medidas de seguridad<\/h4>\n<p>&nbsp;<\/p>\n<p>FJP ha adoptado los niveles de seguridad de protecci\u00f3n de los Datos Personales legalmente requeridos, y procuran instalar aquellos otros medios y medidas t\u00e9cnicas adicionales a su alcance para evitar la p\u00e9rdida, mal uso, alteraci\u00f3n, acceso no autorizado y robo de los Datos Personales facilitados a FJP no ser\u00e1 responsable de posibles da\u00f1os o perjuicios que se pudieran derivar de interferencias, omisiones, interrupciones, virus inform\u00e1ticos, aver\u00edas telef\u00f3nicas o desconexiones en el funcionamiento operativo de este sistema electr\u00f3nico, motivadas por causas ajenas a FJP; de retrasos o bloqueos en el uso del presente sistema electr\u00f3nico causados por deficiencias o sobrecargas de l\u00edneas telef\u00f3nicas o sobrecargas en el Centro de Procesos de Datos, en el sistema de Internet o en otros sistemas electr\u00f3nicos, as\u00ed como de da\u00f1os que puedan ser causados por terceras personas mediante intromisiones ileg\u00edtimas fuera del control de FJP. Ello, no obstante, el Usuario debe ser consciente de que las medidas de seguridad en Internet no son inexpugnables. El sitio cuenta con encriptaci\u00f3n mediante certificado SSL y protecci\u00f3n contra ataques de fuerza bruta. La pasarela de pago del Banco Santander cuenta con sus propias medidas de seguridad ajenas al sitio.<\/p>\n<p>&nbsp;<\/p>\n<h4>Aceptaci\u00f3n y consentimiento<\/h4>\n<p>&nbsp;<\/p>\n<p>El Usuario declara haber sido informado de las condiciones sobre protecci\u00f3n de datos personales, aceptando y consintiendo el tratamiento automatizado de los mismos por parte de FJP, en la forma y para las finalidades indicadas en la presente Pol\u00edtica de Protecci\u00f3n de Datos Personales. Ciertos servicios prestados en el Portal pueden contener condiciones particulares con previsiones espec\u00edficas en materia de protecci\u00f3n de Datos Personales.<\/p>\n\n\t\t<\/div> \n\t<\/div> \n\t\t<\/div> <\/div>\n\t<\/div> \n<\/div>\n<\/section>","protected":false},"excerpt":{"rendered":"<p>AVISO LEGAL El presente aviso legal (en adelante, el \u201cAviso Legal\u201d) regula el uso del servicio del portal de Internet https:\/\/www.clinicaplanas.com\/congreso2023\/ (en adelante, el \u201cWeb\u201d) de la Fundaci\u00f3n Jaime Planas, (en adelante \u201cFJP\u201d) con NIF G-59509133 y domicilio sito en C\/ Pere II de Montcada, 14, 08034, Barcelona. &nbsp; Legislaci\u00f3n &nbsp; Con car\u00e1cter general, las<br \/><a href=\"https:\/\/www.clinicaplanas.com\/congreso2023\/?page_id=2919\" class=\"more\">Read more<\/a><\/p>\n","protected":false},"author":1,"featured_media":0,"parent":0,"menu_order":0,"comment_status":"closed","ping_status":"closed","template":"","meta":{"footnotes":""},"class_list":["post-2919","page","type-page","status-publish","hentry"],"lang":"en","translations":{"en":2919,"es":2914},"pll_sync_post":[],"_links":{"self":[{"href":"https:\/\/www.clinicaplanas.com\/congreso2023\/index.php?rest_route=\/wp\/v2\/pages\/2919"}],"collection":[{"href":"https:\/\/www.clinicaplanas.com\/congreso2023\/index.php?rest_route=\/wp\/v2\/pages"}],"about":[{"href":"https:\/\/www.clinicaplanas.com\/congreso2023\/index.php?rest_route=\/wp\/v2\/types\/page"}],"author":[{"embeddable":true,"href":"https:\/\/www.clinicaplanas.com\/congreso2023\/index.php?rest_route=\/wp\/v2\/users\/1"}],"replies":[{"embeddable":true,"href":"https:\/\/www.clinicaplanas.com\/congreso2023\/index.php?rest_route=%2Fwp%2Fv2%2Fcomments&post=2919"}],"version-history":[{"count":0,"href":"https:\/\/www.clinicaplanas.com\/congreso2023\/index.php?rest_route=\/wp\/v2\/pages\/2919\/revisions"}],"wp:attachment":[{"href":"https:\/\/www.clinicaplanas.com\/congreso2023\/index.php?rest_route=%2Fwp%2Fv2%2Fmedia&parent=2919"}],"curies":[{"name":"wp","href":"https:\/\/api.w.org\/{rel}","templated":true}]}}

<section class="wpb-content-wrapper"><div id='ts-background-main-7491435' class='ts-background-image ts-background ts-columns-equalize-disabled ts-composium-row-background ' data-column-equalize="false" data-width-current="" data-width-break="600" style="" data-kenburns-set="false" data-offsetsallow="false" data-svgshape='true' data-random='7491435' data-image-width='1920' data-image-height='1080' data-type='image' data-inline='false' data-height='0' data-screen='false' data-offset='0' data-blur='0' data-index='0' data-marginleft='0' data-marginright='0' data-paddingtop='0' data-paddingbottom='0' data-image='https://www.clinicaplanas.com/congreso2023/wp-content/uploads/2022/10/bck_ppal.jpg' data-size='cover' data-position='center' data-repeat='no-repeat' data-break-parents='0'><div id="ts-background-separator-bottom-7491435" class="ts-background-separator-container" style="height: 25px; top: auto; bottom: -1px; z-index: 1;"><div class="ts-background-separator-wrap ts-background-separator-bottom" data-random="7491435" data-height="25" data-position="bottom" style="height: 25px;"><svg xmlns="http://www.w3.org/2000/svg" version="1.1" class=" " width="100%" height="25" fill="#f4f4ec" viewBox="0 0 100 10" preserveAspectRatio="none" style="height: 25px; width: 100%;"><path fill="#f4f4ec" d="M0,9.1L0,0l100,0"></path></svg></div></div></div><div   class="vc_row wpb_row vc_row-fluid vc_custom_1666005471734 vc_row-flex vc_row-o-equal-height vc_row-o-content-middle full-width-content ">
	<div  class="vc_span12 wpb_column vc_column_container "><div class="vc_column-inner ">
		<div class="wpb_wrapper">
			<div class="vc_empty_space"   style="height: 125px"><span class="vc_empty_space_inner"></span></div>
	<div class="wpb_text_column wpb_content_element  vc_custom_1666004525034  ct_o9ch54yzkwy6azxub1us" >
		<div class="wpb_wrapper" >
			<h2 style="text-align: center;"><span style="color: #c28b78;">AVISO LEGAL<br />
</span></h2>

		</div> 
	</div> <div class="vc_empty_space  none_mob"   style="height: 75px"><span class="vc_empty_space_inner"></span></div>
		</div> </div>
	</div> 
</div><div id="ts-background-main-9386927" class="ts-background-single ts-background ts-columns-equalize-disabled ts-composium-row-background" data-column-equalize="false" data-width-current="" data-width-break="600" style="" style="display: none; background-color: #f4f4ec;" data-offsetsallow="false" data-svgshape="false" data-random="9386927" data-type="single" data-inline="false" data-color="#f4f4ec" data-height="0" data-screen="false" data-offset="0" data-blur="0" data-index="0" data-marginleft="0" data-marginright="0" data-paddingtop="0" data-paddingbottom="0" data-break-parents="0"></div><div   class="vc_row wpb_row vc_row-fluid vc_custom_1665912807166 vc_row-o-content-middle full-width-section ">
	<div  class="vc_span12 wpb_column vc_column_container "><div class="vc_column-inner ">
		<div class="wpb_wrapper">
			
	<div class="wpb_text_column wpb_content_element  justificado  ct_f6tspqj6s4uq8c2ynllo" >
		<div class="wpb_wrapper" >
			<p>El presente aviso legal (en adelante, el “Aviso Legal”) regula el uso del servicio del portal de Internet <a href="https://www.clinicaplanas.com/congreso2023/">https://www.clinicaplanas.com/congreso2023/</a> (en adelante, el “Web”) de la Fundación Jaime Planas, (en adelante “FJP”) con NIF G-59509133 y domicilio sito en C/ Pere II de Montcada, 14, 08034, Barcelona.</p>
<p>&nbsp;</p>
<h4>Legislación</h4>
<p>&nbsp;</p>
<p>Con carácter general, las relaciones entre FJP con los Usuarios de sus servicios telemáticos, presentes en la web, se encuentran sometidas a la legislación y jurisdicción españolas.</p>
<p>Las partes renuncian expresamente al fuero que les pudiera corresponder y someten expresamente a los Juzgados y Tribunales de Barcelona para resolver cualquier controversia que pueda surgir en la interpretación o ejecución de las presentes condiciones contractuales.</p>
<p>&nbsp;</p>
<h4>Contenido y uso</h4>
<p>&nbsp;</p>
<p>El Usuario queda informado, y acepta, que el acceso a la presente web no supone, en modo alguno, el inicio de una relación comercial con FJP.</p>
<p>El titular del web no se identifica con las opiniones vertidas en el mismo por sus colaboradores. La Empresa se reserva el derecho de efectuar sin previo aviso las modificaciones que considere oportunas en su Web, pudiendo cambiar, suprimir o añadir tanto los contenidos y servicios que se presten a través de la misma como la forma en la que estos aparezcan presentados o localizados en sus servidores.</p>
<p>&nbsp;</p>
<h4>Propiedad intelectual e industrial</h4>
<p>&nbsp;</p>
<p>Los derechos de propiedad intelectual del contenido de las páginas web, su diseño gráfico y códigos son titularidad de FJP y, por tanto, queda prohibida su reproducción, distribución, comunicación pública, transformación o cualquier otra actividad que se pueda realizar con los contenidos de sus páginas web ni aun citando las fuentes, salvo consentimiento por escrito de FJP Todos los nombres comerciales, marcas o signos distintos de cualquier clase contenidos en las páginas web de la Empresa son propiedad de sus dueños y están protegidos por ley.</p>
<p>&nbsp;</p>
<h4>Enlaces (Links)</h4>
<p>&nbsp;</p>
<p>La presencia de enlaces (links) en las páginas web de FJP tiene finalidad meramente informativa y en ningún caso supone sugerencia, invitación o recomendación sobre los mismos.</p>
<p>&nbsp;</p>
<h4>Confidencialidad y protección de datos</h4>
<p>&nbsp;</p>
<p>A efecto de lo previsto en el REGLAMENTO (UE) 2016/679 DEL PARLAMENTO EUROPEO Y DEL CONSEJO de 27 de abril de 2016, de Protección de Datos de Carácter Personal, FJP informa al Usuario de la existencia de un fichero automatizado de datos de carácter personal creado por y para FJP y bajo su responsabilidad, con la finalidad de realizar el mantenimiento y gestión de la relación con el Usuario, así como las labores de información. En el momento de la aceptación de las presentes condiciones generales, FJP precisará del Usuario la recogida de unos datos imprescindibles para la prestación de sus servicios.</p>
<p>&nbsp;</p>
<h4>Registro de ficheros y formularios</h4>
<p>&nbsp;</p>
<p>La cumplimentación del formulario de registro es obligatoria para acceder y disfrutar de determinados servicios ofrecidos en la web. El no facilitar los datos personales solicitados o el no aceptar la presente política de protección de datos supone la imposibilidad de suscribirse, registrarse o participar en cualquiera de las promociones en las que se soliciten datos carácter personal.</p>
<p>De acuerdo a lo establecido en la Ley Orgánica 15/1999, de 13 de diciembre, de Protección de Datos de Carácter Personal, le informamos que los datos personales que se obtengan como consecuencia de su registro como Usuario, serán incorporados a un fichero titularidad de FJP con NIF G-59509133, teniendo implementadas las medidas de seguridad establecidas en el Real Decreto 1720/2007, de 11 de junio.</p>
<p>&nbsp;</p>
<h4>Exactitud y veracidad de los datos facilitados</h4>
<p>&nbsp;</p>
<p>El Usuario es el único responsable de la veracidad y corrección de los datos incluidos, exonerándose FJP de cualquier responsabilidad al respecto. Los usuarios garantizan y responden, en cualquier caso, de la exactitud, vigencia y autenticidad de los datos personales facilitados, y se comprometen a mantenerlos debidamente actualizados. El usuario acepta proporcionar información completa y correcta en el formulario de registro o suscripción. FJP no responde de la veracidad de las informaciones que no sean de elaboración propia y de las que se indique otra fuente, por lo que tampoco asume responsabilidad alguna en cuanto a hipotéticos perjuicios que pudieran originarse por el uso de dicha información. FJP se reserva el derecho a actualizar, modificar o eliminar la información contenida en sus páginas web, pudiendo incluso limitar o no permitir el acceso a dicha información. Se exonera a FJP de responsabilidad ante cualquier daño o perjuicio que pudiera sufrir el Usuario como consecuencia de errores, defectos u omisiones, en la información facilitada por FJP siempre que proceda de fuentes ajenas a FJP.</p>
<p>&nbsp;</p>
<h4>Cookies</h4>
<p>&nbsp;</p>
<p>El sitio <a href="https://www.clinicaplanas.com/congreso2023/">https://www.clinicaplanas.com/congreso2023/</a> utiliza cookies, considerando tales ficheros físicos de información alojados en el propio terminal del usuario y sirven para facilitar la navegación del usuario por el portal. De todas formas, el usuario tiene la posibilidad de configurar el navegador de tal modo que impida la instalación de estos archivos.</p>
<p>&nbsp;</p>
<h4>Finalidades</h4>
<p>&nbsp;</p>
<p>Las finalidades de las cookies son el mantenimiento y gestión de la relación con el Usuario, así como las labores de información.</p>
<p>&nbsp;</p>
<h4>Menores de edad</h4>
<p>&nbsp;</p>
<p>En el supuesto que algunos de nuestros servicios vayan dirigidos específicamente a menores de edad, FJP solicitará la conformidad de los padres o tutores para la recogida de los datos personales o, en su caso, para el tratamiento automatizado de los datos.</p>
<p>&nbsp;</p>
<h4>Cesión de datos a terceros</h4>
<p>&nbsp;</p>
<p>FJP no realizará cesión de datos de los usuarios a terceros.</p>
<p>&nbsp;</p>
<h4>Ejercicio de derechos de acceso, rectificación, cancelación y oposición</h4>
<p>&nbsp;</p>
<p>Podrá dirigir sus comunicaciones y ejercitar los derechos de acceso, rectificación, cancelación y oposición en la dirección de Internet a <a href="mailto:info@clinicaplanas.com">info@clinicaplanas.com</a>. Para ejercer dichos derechos y en cumplimiento de la Instrucción 1/1998, de 19 de enero, de la Agencia de Protección de Datos, es necesario que usted acredite su personalidad frente a FJP mediante el envío de fotocopia de Documento Nacional de Identidad o cualquier otro medio válido en Derecho. No obstante, la modificación o rectificación de sus datos de registro se podrá realizar en el propio Sito identificándose, previamente, con su usuario y contraseña.</p>
<p>&nbsp;</p>
<h4>Medidas de seguridad</h4>
<p>&nbsp;</p>
<p>FJP ha adoptado los niveles de seguridad de protección de los Datos Personales legalmente requeridos, y procuran instalar aquellos otros medios y medidas técnicas adicionales a su alcance para evitar la pérdida, mal uso, alteración, acceso no autorizado y robo de los Datos Personales facilitados a FJP no será responsable de posibles daños o perjuicios que se pudieran derivar de interferencias, omisiones, interrupciones, virus informáticos, averías telefónicas o desconexiones en el funcionamiento operativo de este sistema electrónico, motivadas por causas ajenas a FJP; de retrasos o bloqueos en el uso del presente sistema electrónico causados por deficiencias o sobrecargas de líneas telefónicas o sobrecargas en el Centro de Procesos de Datos, en el sistema de Internet o en otros sistemas electrónicos, así como de daños que puedan ser causados por terceras personas mediante intromisiones ilegítimas fuera del control de FJP. Ello, no obstante, el Usuario debe ser consciente de que las medidas de seguridad en Internet no son inexpugnables. El sitio cuenta con encriptación mediante certificado SSL y protección contra ataques de fuerza bruta. La pasarela de pago del Banco Santander cuenta con sus propias medidas de seguridad ajenas al sitio.</p>
<p>&nbsp;</p>
<h4>Aceptación y consentimiento</h4>
<p>&nbsp;</p>
<p>El Usuario declara haber sido informado de las condiciones sobre protección de datos personales, aceptando y consintiendo el tratamiento automatizado de los mismos por parte de FJP, en la forma y para las finalidades indicadas en la presente Política de Protección de Datos Personales. Ciertos servicios prestados en el Portal pueden contener condiciones particulares con previsiones específicas en materia de protección de Datos Personales.</p>

		</div> 
	</div> 
		</div> </div>
	</div> 
</div>
</section>

<p>AVISO LEGAL El presente aviso legal (en adelante, el “Aviso Legal”) regula el uso del servicio del portal de Internet https://www.clinicaplanas.com/congreso2023/ (en adelante, el “Web”) de la Fundación Jaime Planas, (en adelante “FJP”) con NIF G-59509133 y domicilio sito en C/ Pere II de Montcada, 14, 08034, Barcelona. &nbsp; Legislación &nbsp; Con carácter general, las<br /><a href="https://www.clinicaplanas.com/congreso2023/?page_id=2919" class="more">Read more</a></p>
